 - 3 - x - 3 - z. Let j = 3 + 1. What is r(j)?
-5
Let c be (-1)/8*-6*4. Let t(n) = -2*n + 1. Calculate t(c).
-5
Suppose 0 = 2*s + 4*c - c - 9, 5*c + 4 = 3*s. Let k(p) be the first derivative of p**2 - 3 + p - p**s + 1/4*p**4. Give k(3).
7
Suppose k + 15 = 2*k. Let c(i) = i**3 + 13*i + 0*i**3 - k*i - 3*i**2. Give c(4).
8
Let h = -3 - 2. Let x(v) = -3*v - 5. Let z(r) = r + 2. Let d(n) = 2*x(n) + 7*z(n). Give d(h).
-1
Let y(g) be the third derivative of 5*g**4/24 + g**3 - 27*g**2. Determine y(-4).
-14
Let w(o) = -3*o. Let p(y) be the third derivative of 0 + 1/60*y**5 + 1/6*y**3 + 0*y + 1/24*y**4 + 2*y**2. Let u be p(-2). Calculate w(u).
-9
Let v(g) = g**3 + 6*g**2 - 6*g - 4. Suppose 4*j + k - 7 + 38 = 0, 2*k = -6. What is v(j)?
-11
Let j(l) = -2*l**2 - 28*l - 25. Let q be j(-13). Let z(i) = i - 7*i**2 + 4 - 4. Give z(q).
-6
Let w(j) = j**3 - 4*j**2 + 4*j + 1. Let q be w(3). Let p(d) = -2*d**2 + 3*d**2 - 17*d - 3 + 16*d. Determine p(q).
9
Let h(s) be the second derivative of s**3/3 + 6*s. What is h(4)?
8
Let j(p) be the first derivative of p**5/120 + p**4/8 - p**3 - 2. Let k(i) be the third derivative of j(i). What is k(0)?
3
Let k(g) = -1. Let h(j) = 1. Let u(y) = -4*h(y) - 3*k(y). Let t(q) = q - 6. Let w(z) = t(z) - 6*u(z). Calculate w(3).
3
Let a(k) = k + 9. Suppose -4*g - 3*j = 16, g + 12 = -2*g + 5*j. What is a(g)?
5
Let i(t) = -t**2 + 21*t - 6. Let j be i(21). Let u(n) = n**2 + 7*n - 7. Give u(j).
-13
Let u(y) = -y - 1. Let a(w) = -2*w - 6. Let d be a(-4). Suppose 5*s - 16 = v, -5*s + d*v + 8 = -s. Give u(s).
-5
Let c be (0 - 1 - -2)*-2. Let a(d) = -8*d**3 + 7*d**2 + 4*d + 5. Let h(l) = -5*l**3 + 4*l**2 + 2*l + 3. Let o(q) = 3*a(q) - 5*h(q). Calculate o(c).
-8
Let g(t) be the second derivative of t**6/360 + t**5/60 + t**4/24 - t**3/6 - 5*t. Let j(d) be the second derivative of g(d). Calculate j(-3).
4
Let c(a) = -4*a - 15. Let y(r) = 2*r + 7. Let l(g) = 4*c(g) + 9*y(g). Let h be 2/(-8) + 57/(-12). Let x = h - -1. Determine l(x).
-5
Let p(o) be the second derivative of o**5/20 - o**4/6 - 42*o. Determine p(2).
0
Suppose 30 = 5*j + 5*p, 0*j + 2*j = 2*p - 4. Let a(z) = z**3 - 2*z**2 + 4*z - 2. What is a(j)?
6
Let y(q) be the third derivative of 0*q - 1/3*q**3 + 1/24*q**4 + 0 + 5*q**2. Calculate y(-4).
-6
Let f(p) be the first derivative of -3 + 1/2*p**2 - 7*p. Calculate f(5).
-2
Let m(v) = -v**3 + 4*v**2 + 4. Let k(j) = -2*j + 4. Let u be k(4). Let l = 8 + u. Give m(l).
4
Let b(l) = -l**3 - 13. Let g be 2 - 6 - -6*(-6)/(-9). Calculate b(g).
-13
Let d(u) be the third derivative of -1/6*u**3 + 0*u**4 + 2*u**2 + 0 + 1/20*u**5 + 0*u. Let i = -3 - -1. What is d(i)?
11
Let u(n) = n**2 + n - 5. Suppose -5*c - 7 = -3*y + 6, -2*y = -5*c - 17. Determine u(c).
15
Suppose -9 = 2*s - 3*b + 3, 4*s - b = -4. Let x be s/(-1 - 1 - -1). Let y(n) = -n**2 - 3. Let w(z) = -2*z**2 - 5. Let g(l) = 3*w(l) - 5*y(l). Calculate g(x).
0
Let c(j) = j**2 + 3*j - 6. Suppose -2*d - 5*l + 12 = -3*l, -2*d - l = -9. Let z be 2 - d - (2 + -4). Let m = z - 6. Determine c(m).
4
Let n(h) = 16*h**2 + h. Let k(f) = f**2 - f. Let m(c) = 2*k(c) + n(c). What is m(-1)?
19
Suppose 3*k + 2*y - 9 = 5*y, 0 = -3*k - 3*y - 9. Suppose -w + 0 - 5 = k. Let a(z) = -z**3 - 4*z**2 + 7*z + 1. Calculate a(w).
-9
Let b(o) = -o**2 - 7*o - 9. Let l = -14 + 8. Let p be b(l). Let h be (1 + -2)/(2 + p). Let d(g) = -7*g**3 - 1. Determine d(h).
-8
Let z(r) = -2*r - 2 - 4 + 5 + r. Determine z(-2).
1
Let j(q) be the second derivative of -q**3/2 - q**2/2 + q. Let k be 2/(-2) - 42/(-14). Suppose -k*p + 7 - 3 = 0. What is j(p)?
-7
Suppose 27 - 3 = 4*w. Let u(o) = -o**3 + 5*o**2 + 7*o - 9. What is u(w)?
-3
Let b = -4 - -3. Let x be 1*(3 + -1 + b). Let p(a) = a**3 + a**2 + a - 1. Let r(c) = -2*c**3 + 6*c**2 + 5*c - 5. Let n(f) = 6*p(f) - r(f). Determine n(x).
8
Let k(j) = j**2 + 4*j + 1. Suppose 2 = -5*z - 3*t, z + 4*z - 2*t = 18. Suppose z*u + 2*u + 12 = 0. Let r be u/(-12) - (-34)/(-8). Give k(r).
1
Suppose 4*t - 4*n = 16, 0 = 2*t + t + n + 4. Let q(w) = 4 + t*w**2 + w**2 + 3*w - w**3 + 3*w**2 + 2*w**3. Let g be -1*(2 - 0)*2. Give q(g).
-8
Let z(g) = -g**2 + 5*g - 1. Let d be (-60)/(-35) - 4/(-14). Let b be z(d). Suppose -2*f = b*a + 10, 2*a + f + 1 = -3. Let c(p) = p**3 + 1. Determine c(a).
-7
Let m(x) be the first derivative of -x**2/2 - 6*x + 18. What is m(7)?
-13
Let d(t) be the first derivative of 0*t + 5 + 3 - 15*t**2 + t + 14*t**2. Determine d(-2).
5
Let u be ((-3)/(-2))/((-6)/(-8)). Suppose 5*q = 25, -2*q + 0*q + 9 = -g. Let v(a) = a**2 - 2 + 3 + g. Calculate v(u).
6
Let n = 8 - 4. Suppose -d = 9 - n. Let z(k) = -k**2 - 7*k - 2. Give z(d).
8
Let q(r) = r**2 - 7*r + 5. Let i(z) = -21*z**2 + z. Let g be i(1). Let b be (g + 2)*1/(-3). Give q(b).
-1
Let l(h) = -3*h. Let p(w) = -2*w**2 - 3*w - 6. Let g be p(-4). Let s = g + 18. Let t = s + 6. Determine l(t).
6
Let u = -24 - 33. Let y be u/(-21) - 4/(-14). Let k(q) = q**3 + q**2 - 1. Let c(p) = 6*p**3 + 3*p**2 - p - 3. Let z(b) = -c(b) + 5*k(b). What is z(y)?
-8
Let i(n) = 0*n**3 - 3 + 0 - 5*n + 7*n**2 - 3*n**3 + 2*n**3. Calculate i(6).
3
Let w(m) = m. Let z(b) = b**3 - 9*b**2 + 9*b - 11. Let q be z(8). Determine w(q).
-3
Let a(z) = -3*z**2 - 8*z. Let d(q) = -4*q**2 - 9*q - 1. Let w = -4 + 2. Let u(m) = w*d(m) + 3*a(m). Give u(-5).
7
Let r = 41 - 31. Let f(a) = a**3 - 11*a**2 + 10*a + 1. What is f(r)?
1
Let c(g) = -4*g**2 + 2*g**2 + 2*g**3 - 3*g**3 + 6*g**2 + 2*g - 4. What is c(3)?
11
Let v(s) = s**2. Let a(n) = n**3 - 2*n**2 + 3*n + 2. Let l(y) = -a(y) - 5*v(y). Let r be 5*1*4/10. Suppose 0*z - r*z = 4. Determine l(z).
0
Let p(h) be the second derivative of h**3/6 - h**2 + 4*h. Suppose 2*o = -3*n + 23, -3*o + 4*o + 11 = 3*n. What is p(o)?
2
Let y(z) = -6*z - z - 2 + 4*z + 4*z. What is y(4)?
2
Let l(v) = -v**2 - 7*v + 6. Let d(n) = -n**2 + 9*n + 8. Let z be d(12). Let i be -10 - 7/(z/8). What is l(i)?
-2
Let d(f) = -f**2 - 1 - 10*f + 4 + 4*f. Let c = 15 - 21. Determine d(c).
3
Let z(w) = -w**2 + 8. Let g(j) = -j + 2. Let p be g(0). Suppose -11 = -p*n - 3, 10 = x + n. Let h = x - 6. Determine z(h).
8
Let r(z) be the first derivative of -z**3/3 + z + 12. Determine r(2).
-3
Let j(t) = -2*t. Let x be j(5). Let u be (-11)/(-2) + 5/x. Let r(i) = -u - 3 + 6 - 1 + 3*i. Determine r(5).
12
Let t = 20 - 18. Let g(h) = -2*h**2 + 5*h - 2. Let n(x) = x**3 + 9*x**2 - 26*x + 11. Let a(d) = -11*g(d) - 2*n(d). Calculate a(t).
-6
Let p(a) be the third derivative of -a**4/12 - 2*a**2. Let u = -4 + -4. Let i be u/(-2) + -2 + 0. Determine p(i).
-4
Let j(b) = -2*b + 1. Let o(u) = -u**3 + 8*u**2 + u - 3. Let n be o(8). What is j(n)?
-9
Let k(j) = 3*j + 1. Let u(g) = -g - 2. Let l be u(-7). Let c be (-81)/(-6) + 2/(-4). Suppose 4 = -4*h - l*a - c, -25 = 5*a. Determine k(h).
7
Suppose -3*o + 2*y + 4 = 0, -5*o - 2 = -4*y - 8. Suppose -t + 9 = o*t. Let d(j) = -j + 6 + 0*j + t*j - j. Calculate d(-5).
1
Let o(n) = n + 9. Let w be (63/(-35))/((-2)/(-10)). Calculate o(w).
0
Let h be ((-2)/8)/((-3)/24). Let m = 10 - 6. Let r(t) = 1 + t**2 + t - m*t - h. What is r(4)?
3
Let j(p) = -3*p + 6*p + 6*p**2 + 0*p**2 + p**3 - 7. Give j(-5).
3
Let i(g) = -7*g. Suppose -9 + 6 = -3*v. What is i(v)?
-7
Let x(l) = 5*l**2 - 13 - l**3 + 10*l + 6*l**2 - 3*l**2. Let i be x(9). Let p(t) = t**2 - t. Let d(z) = 3*z**2 - 6*z. Let c(a) = -d(a) + 4*p(a). Calculate c(i).
8
Let b(t) = t**3 + 5*t**2 + t + 6. Let d be b(-5). Let r(z) = 4*z**2. Let l be r(d). Let a(h) = -h**2 + h + 5. What is a(l)?
-7
Let h = 4 + 6. Let j = -14 + h. Let w(z) = z**2 + 3*z + 1. Give w(j).
5
Let z(o) = -o**2 + 3*o - 2. Suppose -3*m = -w - 11, -1 = -2*w + w. Give z(m).
-6
Suppose 0 = 2*n - 10 - 22. Let u = n - 10. Let f(a) = 11*a**2 - 13*a + 2. Let b(l) = -6*l**2 + 6*l - 1. Let i(m) = u*f(m) + 13*b(m). Calculate i(1).
-13
Let l = -2 + 4. Let n(t) = 89 - 25 - 15 - 24 - 24 - t. Calculate n(l).
-1
Let k(n) be the second derivative of 0 - 1/6*n**3 + n + 0*n**2. Let o = -7 + 10. Calculate k(o).
-3
Let k(m) = 17 + 4*m + 4 + 2*m**2 - 23 + 5 - m**2. Let c(j) = j - 2. Let r be c(0). Determine k(r).
-1
Let t(b) be the third derivative of -b**5/60 - b**4/6 - b**3/3 + 2*b**2. Let o(g) = 2*g**2 + 9*g + 5. Let n(a) = 4*o(a) + 7*t(a). Give n(-5).
-9
Let r(x) = x**3 + 27*x**2 - 29*x - 31. Let l be r(-28). Let c(a) = -a**3 - 3*a**2 + a - 3. Give c(l).
-6
Le